 - 3*w = 219. List the prime factors of y.
3, 5
Let f(t) = 103*t**2 + 19*t - 69. List the prime factors of f(7).
19, 269
Suppose -3*o + 333 = -21*x + 23*x, -o = -3*x + 516. Let s = 737 - x. What are the prime factors of s?
2, 283
What are the prime factors of ((-1379)/(-394))/(3/29550)?
5, 7, 197
Suppose 306 = 4*w - 3*b + 5*b, 4*b = -12. Let a = 55 - w. Let c = 85 + a. List the prime factors of c.
2, 31
Let r(u) = -113*u + 18. Let c be r(-6). Suppose 0 = 5*v - v - c. Let t = v - 116. What are the prime factors of t?
2, 29
Let b(d) = -2*d**2 + 73 - 7*d + 0*d + 26 + 11*d. What are the prime factors of b(0)?
3, 11
Suppose k - 4*m - 54 = 0, -5*k + 461 = 4*m + 71. Suppose -67*h = -k*h + 1841. List the prime factors of h.
263
Suppose 41925 + 45155 = 20*x. List the prime factors of x.
2, 7, 311
Suppose 9*s = 6*s + 5*k + 42977, 3*s = 2*k + 42983. List the prime factors of s.
7, 23, 89
List the prime factors of (1 + 68)*(-15708)/(-306).
2, 7, 11, 23
Let n(y) = -11*y**3 - 45*y**2 - 109*y - 8. What are the prime factors of n(-17)?
19, 37, 61
Let s = -9466 - -15841. List the prime factors of s.
3, 5, 17
Let v = 247 - 476. List the prime factors of (v + 0/6)*(0 - 1).
229
Let i(q) = 3*q + 0*q + 0*q - 35 - 2*q. Let n be i(9). Let z(x) = x**3 + 27*x**2 + 17*x - 40. What are the prime factors of z(n)?
2, 97
Let p(r) = -r**2 - 17*r - 17. Let h be p(-8). Let b be (-261)/(-51) - (-2)/(-17). Suppose -y = -b*l - h, -y + 90 = -l + 19. List the prime factors of y.
3, 5
Let x(p) = 21*p**2 + 3*p + 3. Let u be x(-2). Let j = u + -55. Let t = 132 - j. List the prime factors of t.
2, 53
Suppose 8*f + 3265 + 703 = 0. Let o = f + 1053. List the prime factors of o.
557
Let y(w) be the third derivative of -3*w**4/8 + 5*w**3/6 + 10*w**2. Let k be y(3). List the prime factors of (-2614)/k + (-6)/(-33).
7, 17
Let n(u) be the third derivative of u**5/12 - 7*u**4/24 + u**3/3 + u**2. Suppose 174*r + 500 = 728 + 816. What are the prime factors of n(r)?
2, 5, 7
Let l(m) be the third derivative of -13*m**6/20 - m**5/6 - m**4/8 + m**3/6 - 2*m**2 + m. List the prime factors of l(-2).
3, 197
Suppose -2*y = -y - 1698. Let x = y - 664. Suppose 7*l + 4*l = x. What are the prime factors of l?
2, 47
Let w(y) = 36*y**2 - 53*y + 2575. List the prime factors of w(40).
5, 17, 683
Suppose -4*x + f = -f - 28, 0 = -4*f - 8. Suppose -x*j + 4 = -2*j. List the prime factors of -1 + j - -90 - -3.
3, 31
Let z(p) = -156*p**3 - 13*p**2 - 25*p - 4. List the prime factors of z(-4).
2, 617
Suppose 1411046 + 238129 = 55*b. What are the prime factors of b?
3, 5, 1999
Suppose -5*v + 12439 = 3*x, -2*x + 16*v = 13*v - 8280. Suppose 5*q - x = -708. List the prime factors of q.
3, 229
Let x = 228 + 54. Suppose -3*y = -x - 54. List the prime factors of y.
2, 7
Let i(y) = -5970*y + 128. What are the prime factors of i(-2)?
2, 7, 431
Let a(w) = 9*w**2 + 52*w + 22. What are the prime factors of a(-10)?
2, 3, 67
List the prime factors of ((-17022)/(-4))/((-6)/(-12)).
3, 2837
Let x(m) be the second derivative of -m**4/4 + 81*m**2/2 - 10*m. Suppose 0 = -9*a + 11*a. List the prime factors of x(a).
3
Let x(g) = 7*g**2 - 30*g - 31. Let z be x(-1). Suppose -7*o = -z*o - 758. What are the prime factors of o?
2, 379
List the prime factors of (1865 + -1)*(-2 - (-33)/4).
2, 5, 233
Suppose 0 = -4*z + 5*z - 4*i - 1850, 2*z - 3670 = 2*i. Suppose 3*w + z = 3*d + 8*w, -4*d - 5*w + 2445 = 0. What are the prime factors of d?
3, 5, 41
Let n(d) be the second derivative of 79/6*d**3 + 6*d**2 + 0 - 22*d. What are the prime factors of n(3)?
3, 83
Suppose 2*p + 6 = 0, -s = 2*s - 5*p - 63. What are the prime factors of (-1)/3*s/((-208)/24609)?
631
Let v = -517 - -531. Suppose 22*m - 3048 = v*m. What are the prime factors of m?
3, 127
Let n be 268 + 48/15 + (-1)/5. Let v = n - -14. Suppose 6 + v = 3*o. What are the prime factors of o?
97
Let l(s) = -s**2 - 8*s + 7. Let p be l(-9). Let q be p + (-146)/(-2) + -1. Suppose q = -10*o + 12*o. What are the prime factors of o?
5, 7
Let n(s) = -308*s**3 - s**2 - 9*s - 22. Let d be n(-2). Let z = d - 1184. List the prime factors of z.
2, 3, 53
Let c = 45 - 41. Let f(l) = -l**3 + 8*l**2 - 11*l + 17. List the prime factors of f(c).
37
Let k = 48310 - 33037. List the prime factors of k.
3, 1697
Suppose 10*z + 3*m = 5*z + 1470, 4*z + 3*m - 1176 = 0. Suppose -f = 98 - z. List the prime factors of f.
2, 7
Let x be ((-4)/(-8))/(2/16). Suppose -2*i + 2 = -x*i, -2*i = -r + 414. What are the prime factors of r?
2, 103
List the prime factors of (15 - -4713)/((-4)/(-3)).
2, 3, 197
Let g(d) be the third derivative of 11*d**5/40 + d**4/6 - 5*d**3/2 + d**2. Let t(h) be the first derivative of g(h). What are the prime factors of t(2)?
2, 5, 7
List the prime factors of 1439/(-5)*1600/(-50)*15/6.
2, 1439
Let f = 666 - -404. Suppose -3770 + f = -12*d. What are the prime factors of d?
3, 5
Let g(d) = -d**3 - 18*d**2 - 23*d + 16. Let x(k) = -4*k - 110. Let a be x(-23). List the prime factors of g(a).
2, 5, 43
Suppose 0 = -2*w - c + 45930, -10*w - 45922 = -12*w - 3*c. What are the prime factors of w?
7, 17, 193
Let c be (-999)/63 - 1/7 - 2. What are the prime factors of (c/(-4))/((-7)/(-798))?
3, 19
Let l(k) = -20*k + 3. Let n be l(-6). Suppose 0 = -5*a - b + 385, 2*a + 3*b = 31 + n. Suppose i - 27 = a. List the prime factors of i.
2, 13
Suppose 20 = 4*w, o + w - 5 + 6 = 0. Let f(s) = -92*s - 131. What are the prime factors of f(o)?
421
Suppose 4*k - 1212 = 4*p, -5*p + 9*p + 914 = 3*k. Suppose y - k - 163 = 0. List the prime factors of y.
461
Let r = -404 - -268. Let s = r - -331. What are the prime factors of s?
3, 5, 13
Let o = 255 - 245. Suppose -33*l + 16376 = -o*l. What are the prime factors of l?
2, 89
Let t(o) = -19*o + 135. Let k(z) = -3*z + 1. Let m(s) = -4*k(s) - t(s). List the prime factors of m(34).
3, 5, 61
Let l(v) = -9 + 2*v**2 + 27*v + 2 - 14*v. Let n be l(-7). Suppose 6*w - 53 - 475 = n. What are the prime factors of w?
2, 11
Let d = -5 + 7. Suppose -d*f = 2*b - 4*f - 10, b + f - 7 = 0. List the prime factors of b.
2, 3
Suppose 0 = 5*c - 2*m + 70, m + 28 = -2*c + 3*m. Let s(a) = 15*a + 11. Let v be s(c). Let n = v + 390. List the prime factors of n.
191
Let a = -70 - -72. Let g = -24 + 27. Suppose -a*q - 470 = -9*h + 4*h, 5*h - 470 = g*q. List the prime factors of h.
2, 47
Let v(a) = a**3 + a + 29. Let k be v(0). Let p = 219 - k. Suppose 0 = -0*o + 5*o - p. What are the prime factors of o?
2, 19
Let q(t) = t**2 - 3*t + 6. Let k be q(9). Suppose -w + k = 4*w + 5*v, 4*w - 4*v - 48 = 0. What are the prime factors of (-6 + 0)*(-27)/w*6?
3
Suppose -t = -2*f + 11, 3*t + 3*f + 22 = -11. Let u(n) = n**2 + 16*n - 7. Let l(w) = -1. Let m(z) = 3*l(z) - u(z). List the prime factors of m(t).
59
Suppose 7*a - 9*a + 6 = 0. Suppose n - a = 4*n, 4*b + n = 771. Suppose z = 4*v + b, -3*z + 5*v + 552 = -41. List the prime factors of z.
3, 67
Suppose -9 = 2*p - 3*i - 36, 5*p = 2*i + 73. Let y be (-1)/(((-6)/p)/(6/5)). Let l(g) = 4*g**2 + 4. List the prime factors of l(y).
2, 5
What are the prime factors of (25932/(-48) + 9)*(-5 + 1)?
5, 17
Let a be 12/5*70/21. Let p be (5/2 - 2)*(-68 + -8). Let q = a - p. What are the prime factors of q?
2, 23
What are the prime factors of (-34 - (-271056)/(-32))*(-3 + 1)?
73, 233
Let w(n) = -n**3 + 38*n**2 + 931*n + 30. What are the prime factors of w(-26)?
2, 1193
List the prime factors of -14 + 19 - (-29578)/2.
2, 13, 569
Let x = -2958 + 1753. List the prime factors of (-14)/56 - x/4.
7, 43
Suppose -2476 = -6*b + 170. Suppose -12*q = -b - 1599. List the prime factors of q.
2, 5, 17
Let l = 8014 - 1684. List the prime factors of l.
2, 3, 5, 211
Let m be (1 - 0)*60/20. Suppose 7*l - 10*l + 4331 = 4*h, 0 = 3*h - m*l - 3243. List the prime factors of h.
2, 541
Let x be (-10)/(-6) + (-28)/(-12). Suppose 3*l = x*t + 175, -5*t + 43 = -3*l + 261. Let g = t - -247. What are the prime factors of g?
2, 3, 17
Let i(j) = -j**3 - 9*j**2 - 3*j - 4. Let w be i(-4). Let o = -682 + 713. Let f = o - w. List the prime factors of f.
103
Suppose -3 = -3*h - 0*h. Let s(n) = -47*n**3 - n + 2. Let u be s(h). Let j = u - -53. What are the prime factors of j?
7
Let x = -267 + 273. Let a(l) = 4*l**3 - 7*l**2 - l - 25. List the prime factors of a(x).
7, 83
Let b = 4711 + 5943. List the prime factors of b.
2, 7, 761
Li